2649860656?
0
What is the tens digit of 37821741?
4
What is the millions digit of 729571668?
9
What is the millions digit of 666611394?
6
What is the tens digit of 565923477?
7
What is the ten millions digit of 2091158738?
9
What is the tens digit of 55892125?
2
What is the units digit of 465489350?
0
What is the millions digit of 84843065?
4
What is the hundred millions digit of 1993813548?
9
What is the thousands digit of 517802694?
2
What is the ten millions digit of 22392009?
2
What is the hundred millions digit of 181101147?
1
What is the ten millions digit of 75887000?
7
What is the units digit of 28774802?
2
What is the ten thousands digit of 716178197?
7
What is the millions digit of 1389954382?
9
What is the thousands digit of 3515014987?
4
What is the ten thousands digit of 458763001?
6
What is the thousands digit of 29446300?
6
What is the ten millions digit of 3059399024?
5
What is the hundred millions digit of 1078653804?
0
What is the ten millions digit of 93660190?
9
What is the ten millions digit of 1096867755?
9
What is the hundred thousands digit of 782987020?
9
What is the tens digit of 237963838?
3
What is the hundreds digit of 55884864?
8
What is the tens digit of 98963717?
1
What is the ten thousands digit of 8138120772?
2
What is the tens digit of 442763693?
9
What is the units digit of 72672641?
1
What is the hundreds digit of 2387950328?
3
What is the thousands digit of 373288632?
8
What is the units digit of 194211107?
7
What is the millions digit of 978946770?
8
What is the hundred thousands digit of 409804968?
8
What is the millions digit of 691594820?
1
What is the ten millions digit of 214398973?
1
What is the hundreds digit of 2081814966?
9
What is the millions digit of 40083474?
0
What is the tens digit of 3903540?
4
What is the units digit of 1809973?
3
What is the millions digit of 28495123?
8
What is the tens digit of 7669246067?
6
What is the ten millions digit of 202334727?
0
What is the billions digit of 3772873011?
3
What is the hundred millions digit of 1048355350?
0
What is the billions digit of 4114064457?
4
What is the hundreds digit of 262578678?
6
What is the millions digit of 11795461?
1
What is the tens digit of 908428993?
9
What is the ten millions digit of 111648422?
1
What is the millions digit of 86445817?
6
What is the ten thousands digit of 1770287050?
8
What is the units digit of 452033419?
9
What is the tens digit of 2180541632?
3
What is the hundreds digit of 446316661?
6
What is the ten thousands digit of 71503779?
0
What is the hundred thousands digit of 113100014?
1
What is the billions digit of 1441212402?
1
What is the thousands digit of 7005053913?
3
What is the tens digit of 8275938036?
3
What is the thousands digit of 164871261?
1
What is the tens digit of 23821566?
6
What is the thousands digit of 351655192?
5
What is the ten millions digit of 3303659675?
0
What is the thousands digit of 35851583?
1
What is the ten thousands digit of 1253139899?
3
What is the tens digit of 3084321188?
8
What is the hundred thousands digit of 2163690645?
6
What is the ten thousands digit of 811893467?
9
What is the ten thousands digit of 8017594?
1
What is the units digit of 69794014?
4
What is the thousands digit of 27053986?
3
What is the tens digit of 839438436?
3
What is the units digit of 32176919?
9
What is the tens digit of 147192585?
8
What is the hundred millions digit of 174601011?
1
What is the millions digit of 5677731?
5
What is the hundred thousands digit of 369043046?
0
What is the hundred millions digit of 189695121?
1
What is the thousands digit of 511222959?
2
What is the thousands digit of 87986596?
6
What is the millions digit of 2482845696?
2
What is the hundred millions digit of 941381208?
9
What is the hundreds digit of 560121498?
4
What is the ten thousands digit of 33712416?
1
What is the hundred millions digit of 5844208435?
8
What is the hundred millions digit of 4640361770?
6
What is the ten thousands digit of 4016665220?
6
What is the thousands digit of 29630631?
0
What is the tens digit of 45724219?
1
What is the tens digit of 2684092708?
0
What is the thousands digit of 38372110?
2
What is the hundred thousands digit of 70545588?
5
What is the millions digit of 494975593?
4
What is the hundreds digit of 19392829?
8
What is the thousands digit of 383051516?
1
What is the units digit of 151165910?
0
What is the units digit of 367467101?
1
What is the tens digit of 38169139?
3
What is the millions digit of 121857801?
1
What is the units digit of 130984077?
7
What is the millions digit of 43638292?
3
What is the thousands digit of 233040163?
0
What is the millions digit of 392050238?
2
What is the ten millions digit of 70961920?
7
What is the hundreds digit of 32460389?
3
What is the hundred thousands digit of 1421550486?
5
What is the hundred thousands digit of 1418814885?
8
What is the tens digit of 159079373?
7
What is the ten millions digit of 26056609?
2
What is the hundred millions digit of 2279536121?
2
What is the units digit of 50901882?
2
What is the tens digit of 56182243?
4
What is the hundred millions digit of 2342366938?
3
What is the ten thousands digit of 166951600?
5
What is the units digit of 2539393849?
9
What is the millions digit of 306368440?
6
What is the hundred millions digit of 1183509182?
1
What is the tens digit of 134350775?
7
What is the thousands digit of 1334854089?
4
What is the hundreds digit of 1311478438?
4
What is the tens digit of 959672400?
0
What is the thousands digit of 136814233?
4
What is the hundreds digit of 2262627696?
6
What is the units digit of 117544364?
4
What is the units digit of 30012161?
1
What is the units digit of 511235545?
5
What is the tens digit of 146628261?
6
What is the hundreds digit of 2365821975?
9
What is the units digit of 4590408408?
8
What is the thousands digit of 2135011696?
1
What is the ten thousands digit of 156737435?
3
What is the hundred thousands digit of 4189186220?
1
What is the tens digit of 146226302?
0
What is the millions digit of 309294463?
9
What is the thousands digit of 1257234442?
4
What is the units digit of 5593610764?
4
What is the billions digit of 2252350877?
2
What is the units digit of 159782367?
7
What is the millions digit of 802216629?
2
What is the units digit of 261877797?
7
What is the hundreds digit of 415093743?
7
What is the hundred millions digit of 7315792078?
3
What is the hundred thousands digit of 200477074?
4
What is the hundreds digit of 50708630?
6
What is the ten thousands digit of 1250928621?
2
What is the ten thousands digit of 927383963?
8
What is the hundreds digit of 102708042?
0
What is the tens digit of 177444284?
8
What is the millions digit of 1040464626?
0
What is the hundreds digit of 96007759?
7
What is the millions digit of 86822203?
6
What is the thousands digit of 25340026?
0
What is the hundreds digit of 427857547?
5
What is the units digit of 90948463?
3
What is the units digit of 2761513060?
0
What is the ten thousands digit of 860350784?
5
What is the hundred thousands digit of 28494397?
4
What is the hundred thousands digit of 272893051?
8
What is the tens digit of 104395793?
9
What is the hundreds digit of 233605547?
5
What is the millions digit of 275519002?
5
What is the ten millions digit of 50499133?
5
What is the hundreds digit of 1950547671?
6
What is the ten millions digit of 655005280?
5
What is the ten millions digit of 35407978?
3
What is the millions digit of 537610306?
7
What is the billions digit of 1599082890?
1
What is the ten thousands digit of 3304944609?
4
What is the hundred thousands digit of 33018466?
0
What is the hundred thousands digit of 529331827?
3
What is the ten millions digit of 363871010?
6
What is the ten millions digit of 40385783?
4
What is the thousands digit of 15625129?
5
What is the hundred thousands digit of 4774913293?
9
What is the billions digit of 2759144255?
2
What is the ten thousands digit of 46848929?
4
What is the hundred thousands digit of 2165808177?
8
What is the ten millions digit of 18393210?
1
What is the tens digit of 29869002?
0
What is the tens digit of 59331232?
3
What is the ten thousands digit of 62940563?
4
What is the millions digit of 542800328?
2
What is the thousands